5 = -3*o + 2*t, 28*o + 5*t - 23 = 26*o. What is the highest common divisor of 18 and o?
9
Let y(f) = f**2 + 5*f - 8. Let a be y(-7). Calculate the highest common factor of 22 and a.
2
Let j = 13 - -2. Suppose j = 8*w - 3*w. Calculate the highest common factor of 1 and w.
1
Let g be -255*8/(64/(-8)). What is the greatest common divisor of g and 15?
15
Let f(z) = 3*z + 17. Suppose 5*u - 5*y + 5 = 0, 5*u - 4*u + 5*y = -19. Let t be f(u). Suppose 4*v + 3 = 7. What is the highest common divisor of t and v?
1
Let z(j) = j**3 - 3*j**2 - 6*j - 4. Let o be z(-2). Let s(l) = l**3 + 12*l**2 - 3*l - 24. Let m be s(o). Calculate the highest common factor of m and 16.
4
Let z = -40 + 79. Let l(m) = m + 7. Let t(u) = -u + 11. Let i be t(5). Let q be l(i). What is the greatest common factor of z and q?
13
Let m(w) = -5*w - 3. Let v be m(-4). Let t = 6 + -10. Let f be (68/5)/(t/(-10)). Calculate the greatest common divisor of f and v.
17
Suppose 0 = 5*w - 2*h - 38, 3*w - 4*h - 34 = -0*h. Suppose -b - 5*v - w - 14 = 0, b - 2*v - 15 = 0. Calculate the highest common factor of b and 10.
5
Suppose 5*v - 57 = 2*t, -24*v + 29*v = -4*t + 81. What is the highest common divisor of v and 221?
13
Suppose -3*n - 4*s - 144 = 0, -n + s - 36 - 5 = 0. Let d be (-11)/n - 1670/(-8). Calculate the greatest common divisor of 19 and d.
19
Suppose 15*k + 32 = 16*k. Let o = -30 + k. Calculate the highest common factor of 14 and o.
2
Let d(w) = -w**2 + 10*w + 13. Suppose 2*y - 50 = -3*y. Let c be d(y). Suppose 0 = 2*v - 112 - 70. Calculate the highest common divisor of v and c.
13
Let y(u) = 11*u**2 - 7*u - 8. Let z be y(-1). Calculate the greatest common factor of z and 50.
10
Let q(c) = -c**2 + 8*c + 12. Let m be q(5). Suppose -6*p - 54 = -9*p. What is the greatest common divisor of p and m?
9
Let a be (-6 - (0 - 7))*10. What is the highest common divisor of 130 and a?
10
Suppose c = 2*c + 5*s - 6, c = -s + 2. Let a be (31 + c)*-6*(-3)/36. Calculate the highest common divisor of 16 and a.
16
Suppose -387 = 3*m - 0*m. Let u = -111 - m. Let s = 209 + -119. What is the greatest common divisor of s and u?
18
Suppose -i - 2*m - 9 = -1, -2*i - 5*m - 21 = 0. Suppose 33 = p - 47. Suppose i*v - p = -2*v. What is the highest common divisor of v and 50?
10
Let g = -16 + 20. Let b = -7 + g. Let m = 14 + b. What is the greatest common factor of 55 and m?
11
Suppose 2*d + 398 = 5*w, -w - 3*w = -2*d - 320. What is the highest common divisor of w and 6?
6
Suppose 5*m - 77 = -3*k + 442, 527 = 5*m - k. Calculate the highest common divisor of 30 and m.
15
Suppose -7*f = -4*f - 48. Suppose 0 = -3*j + 11*j - f. Calculate the greatest common divisor of j and 10.
2
Let y(t) = -t**2 - 18*t + 5. Let z(p) = p - 7 + 14 + 5*p**2 + 3*p + p**3. Let s be z(-5). Let g be y(s). Calculate the highest common divisor of 10 and g.
10
Let u = 184 + -161. Suppose 0 = -3*j + 117 + 21. Calculate the highest common factor of j and u.
23
Suppose -3*t = -4*j, 3*j + 0*j - 25 = -4*t. Suppose 4*w + 5 = -3, 2*a + t = -4*w. Calculate the greatest common factor of 8 and a.
2
Let m(w) = 2*w + 2. Let z be m(4). Suppose v - 400 - 589 = -5*s, 2*s - 378 = 4*v. Let q = s + -117. Calculate the highest common divisor of z and q.
10
Let p(q) = 7*q + 10*q + 2 - 23*q. Let g be p(-1). Let h = 36 + -20. What is the highest common divisor of g and h?
8
Suppose -2893 = -4*y + u, -7 - 8 = 3*u. What is the highest common factor of 19 and y?
19
Let k(x) = x + 1. Let i be k(3). Suppose 4*m - 6*j + 2*j = 12, i*j = -5*m + 33. Calculate the highest common divisor of m and 25.
5
Let x(u) = 12*u**2 + 3*u - 4. Let a be x(1). What is the greatest common factor of 11 and a?
11
Let u be (-12)/18 + (-41)/(-3). Suppose -4*r = -31 - 21. Calculate the highest common divisor of r and u.
13
Suppose 0*c + 2*c = 72. Suppose -4*i = -i - c. Suppose i*h - 10*h = 20. What is the highest common factor of h and 40?
10
Suppose -1406*s - 1785 = -1423*s. What is the highest common divisor of 30 and s?
15
Let l(u) = 6*u - 3. Let m be l(-3). Let p be (-33)/(-7) + (-6)/m. Suppose 5*n = 2*n + i + 542, p*i - 170 = -n. What is the highest common factor of n and 20?
20
Let c(k) = -k**2 + 17*k + 50. Let y be c(19). What is the greatest common factor of 348 and y?
12
Let y = 637 - 586. What is the highest common divisor of 816 and y?
51
Let z = -188 - -358. Suppose -2*j + 42 = -2*q - 76, 3*j + 4*q - z = 0. What is the greatest common factor of 145 and j?
29
Suppose -5*d = 4*n - 530, -613 = -5*n + 2*d + 66. Let a(g) = -10 + 3*g**2 + 2*g**2 + 13 - 4*g. Let f be a(2). What is the greatest common factor of n and f?
15
Suppose -5 = 2*x - m - 14, -2*x + 5*m = -29. What is the highest common factor of 19 and x?
1
Suppose 0 = 6*m - 6 - 6. Let n be (-4)/7 - (-5 - 4/7). What is the greatest common factor of n and m?
1
Let t = 1 + 1. Let h = 39 + -34. What is the greatest common divisor of t and h?
1
Let j(w) = 3*w**2 - 89*w + 2. Let n be j(30). What is the highest common divisor of n and 8?
8
Let z = 279 + -215. Suppose 4*m = -3*y + 201, -6*m - y = -m - 243. What is the highest common factor of z and m?
16
Suppose -3*c + 51 = 2*h, -h - 2*c + 12 = -11. Let v be 2/(-4) + (-15)/10 - -80. Let j = 21 + v. Calculate the greatest common factor of h and j.
33
Let h = -221 + 232. Calculate the highest common factor of 352 and h.
11
Let a(z) = -z - 1. Let t be a(-1). Let y be (t/2)/(1 - 2). Let w be (12 - 3)/(1 + y). Calculate the highest common factor of w and 3.
3
Suppose 57 = 5*n + 7. Let f = n + -11. Let i(x) = -11*x**3 - x. Let o be i(f). Calculate the greatest common factor of 12 and o.
12
Suppose 578 = 5*b + 2*d, -22*b + 20*b + 244 = 4*d. What is the highest common factor of 30 and b?
6
Let o = -31 - -33. Suppose -o*s = -12 - 16. Calculate the highest common divisor of 98 and s.
14
Let a = -643 + 988. What is the highest common factor of 45 and a?
15
Suppose -6 = 2*m - 8*m. Let j = 3 + m. Suppose 5*p - 95 = -3*z - 0*z, 5*z + j*p = 167. What is the greatest common divisor of 7 and z?
7
Suppose 0 = -5*n + 9 + 1. Suppose -2 - 5 = -a - m, -5*m = 2*a - n. Calculate the greatest common factor of a and 77.
11
Let b(h) = h**2 + 9*h - 2. Let y be b(-15). Calculate the highest common factor of 55 and y.
11
Suppose -3*j = -4*a - 49, -6*j + j - 2*a = -73. Let l = -4221 - -4236. Calculate the highest common divisor of l and j.
15
Suppose 579*v = 585*v - 480. Calculate the greatest common divisor of 64 and v.
16
Suppose -4*u + u = 0. Suppose u = l - 3 - 2. Suppose l*m = -5 + 120. Calculate the highest common divisor of 207 and m.
23
Let l(k) = k**3 + 4*k**2 - 2*k + 3. Let a be l(-4). Let w be (14/4)/(133/14 - 6). What is the greatest common factor of a and w?
1
Let x = 1165 + 248. Suppose -4*y + 279 + x = 0. Suppose 2*s - y - 225 = 0. Calculate the greatest common factor of s and 36.
36
Let f = 69 + 184. Let i be (-3 - -2 - 3) + 121. Suppose 4*h - 107 = 3*y, 0 = -2*h - 2*h + 5*y + i. Calculate the greatest common factor of f and h.
23
Let t(a) = 8*a + 59. Suppose 0 = 12*o - 11*o - 7. Let v be t(o). Suppose 0*c + 3*c - 69 = 0. Calculate the greatest common factor of v and c.
23
Suppose 0*x + 3*x - 84 = 0. What is the greatest common factor of 56 and x?
28
Suppose 1 - 4 = -o. Suppose -5*u - 58 = -3*w, 5*w + 0*u - o*u = 102. Calculate the greatest common divisor of 84 and w.
21
Suppose -15*n + 21*n - 72 = 0. Suppose 0 = -a - 0 - 1. Let j be (-2)/1*(-5 - a). Calculate the highest common factor of n and j.
4
Suppose 2*h = 5*h + 3*m - 345, 5*h = -4*m + 580. What is the greatest common factor of 72 and h?
24
Suppose 46*x = -356 + 2564. Calculate the highest common factor of 888 and x.
24
Suppose 7*i = 2*i. Let n be (15*1)/(1 + i). Calculate the greatest common factor of n and 5.
5
Let v = 9 + -6. Let s be 872/12 - 2/v. Let o = s + 12. What is the greatest common divisor of 21 and o?
21
Suppose -2*n + 0*n + 2 = 0. Suppose 0*x - x = -n. Let w be 4/(-26) - 30/(-26). Calculate the highest common factor of x and w.
1
Suppose -10 - 6 = -4*f. Suppose 9*b = f*b + 2*c + 31, -b + 2 = c. What is the highest common factor of 40 and b?
5
Suppose 4*b - 16 = -4. Suppose y + b*y - 56 = 0. Suppose 7 = w - 3*c, -3*c = -w - w + 14. What is the greatest common factor of w and y?
7
Let a be 12/24*(2 - -122). Let f = 54 - -10. Suppos